{"id":40,"date":"2024-07-04T18:52:11","date_gmt":"2024-07-04T18:52:11","guid":{"rendered":"https:\/\/panodloterii.pl\/?page_id=40"},"modified":"2025-05-08T17:01:50","modified_gmt":"2025-05-08T17:01:50","slug":"pan-od-loterii-2","status":"publish","type":"page","link":"https:\/\/panodloterii.pl\/","title":{"rendered":"Pan od loterii"},"content":{"rendered":"<div class=\"wp-block-group alignfull has-accent-4-background-color has-background is-vertical is-content-justification-center is-nowrap is-layout-flex wp-container-core-group-is-layout-3 wp-block-group-is-layout-flex\" style=\"min-height:59vh;margin-top:var(--wp--preset--spacing--10);margin-bottom:var(--wp--preset--spacing--10);padding-top:var(--wp--preset--spacing--30);padding-right:var(--wp--preset--spacing--40);padding-bottom:var(--wp--preset--spacing--30);padding-left:var(--wp--preset--spacing--40)\"><div class=\"wp-block-columns alignwide are-vertically-aligned-center is-layout-flex wp-container-core-columns-is-layout-1 wp-block-columns-is-layout-flex\"><div class=\"wp-block-column is-vertically-aligned-center is-layout-flow wp-block-column-is-layout-flow\" style=\"flex-basis:40%\"><figure class=\"wp-block-image size-full is-style-rounded\"><img loading=\"lazy\" decoding=\"async\" width=\"742\" height=\"720\" src=\"https:\/\/panodloterii.pl\/wp-content\/uploads\/2024\/08\/panodloterii.png\" alt=\"\" class=\"wp-image-371\" style=\"aspect-ratio:1;object-fit:contain\" srcset=\"https:\/\/panodloterii.pl\/wp-content\/uploads\/2024\/08\/panodloterii.png 742w, https:\/\/panodloterii.pl\/wp-content\/uploads\/2024\/08\/panodloterii-300x291.png 300w, https:\/\/panodloterii.pl\/wp-content\/uploads\/2024\/08\/panodloterii-600x582.png 600w\" sizes=\"(max-width: 742px) 100vw, 742px\" \/><\/figure><\/div>\n\n<div class=\"wp-block-column is-vertically-aligned-center is-layout-flow wp-block-column-is-layout-flow\" style=\"flex-basis:60%\"><div class=\"wp-block-group is-layout-flow wp-container-core-group-is-layout-2 wp-block-group-is-layout-flow\" style=\"min-height:100%;margin-top:0;margin-bottom:0;padding-right:0;padding-left:0\"><div class=\"wp-block-group has-global-padding is-content-justification-left is-layout-constrained wp-container-core-group-is-layout-1 wp-block-group-is-layout-constrained\" style=\"padding-right:0;padding-left:0\"><h2 class=\"wp-block-heading has-large-font-size\"><strong>Pan od loterii<\/strong> &#8230; z misj\u0105.<\/h2>\n\n<h3 class=\"wp-block-heading is-style-default has-large-font-size\">Masz mnie na szcz\u0119\u015bcie<\/h3>\n\n<p>Od 1999 roku dla FIRM i ngo\u2019s tworz\u0119 loterie, kt\u00f3re dostarczaj\u0105:<\/p>\n\n<ul><li>narz\u0119dzia marketingowe biznesowi,<\/li>\n\n<li>rozrywk\u0119 klientom,&nbsp;<\/li>\n\n<li>fundusze dla NGO.<\/li><\/ul>\n\n<p>Dla firm &#8211; skuteczne narz\u0119dzie marketingowe. Dla NGO &#8211; innowacyjny spos\u00f3b na fundraising. Pan od loterii z misj\u0105 &#8211; \u0142\u0105cz\u0119 biznes i dzia\u0142alno\u015b\u0107 charytatywn\u0105, tworz\u0105c loterie, kt\u00f3re przynosz\u0105 korzy\u015bci wszystkim.<\/p>\n\n<p>Odkryj wypracowane przez m\u00f3j zesp\u00f3\u0142 rozwi\u0105zania dla marketera, influencera, managera ecommerce.<\/p>\n\n<h5 class=\"wp-block-heading\">Wojciech Koczorowski \u2022 Pan od loterii<\/h5><\/div><\/div><\/div><\/div>\n\n<div class=\"wp-block-uagb-separator uagb-block-9d2bf77b\"><div class=\"uagb-separator-spacing-wrapper\"><div class=\"wp-block-uagb-separator__inner\" style=\"--my-background-image:\"><\/div><\/div><\/div><\/div><h5 class=\"wp-block-heading has-large-font-size\">Publikacje i poradniki<\/h5><figure class=\"wp-block-image size-large\"><img loading=\"lazy\" decoding=\"async\" width=\"1024\" height=\"124\" src=\"https:\/\/panodloterii.pl\/wp-content\/uploads\/2024\/07\/publikacje-1024x124.jpeg\" alt=\"\" class=\"wp-image-195\" srcset=\"https:\/\/panodloterii.pl\/wp-content\/uploads\/2024\/07\/publikacje-1024x124.jpeg 1024w, https:\/\/panodloterii.pl\/wp-content\/uploads\/2024\/07\/publikacje-300x36.jpeg 300w, https:\/\/panodloterii.pl\/wp-content\/uploads\/2024\/07\/publikacje-768x93.jpeg 768w, https:\/\/panodloterii.pl\/wp-content\/uploads\/2024\/07\/publikacje-1536x186.jpeg 1536w, https:\/\/panodloterii.pl\/wp-content\/uploads\/2024\/07\/publikacje-600x73.jpeg 600w, https:\/\/panodloterii.pl\/wp-content\/uploads\/2024\/07\/publikacje.jpeg 1598w\" sizes=\"(max-width: 1024px) 100vw, 1024px\" \/><\/figure><ul><li>Checklista dokument\u00f3w do zezwolenia: <a href=\"http:\/\/loteria.org.pl\/checklista\/\">pobierz za darmo<\/a><\/li>\n\n<li>Poradnik: <a href=\"https:\/\/panodloterii.pl\/index.php\/produkt\/zezwolenie-na-loterie-poradnik-dla-ebiznesu\/\" data-type=\"link\" data-id=\"https:\/\/panodloterii.pl\/index.php\/produkt\/zezwolenie-na-loterie-poradnik-dla-ebiznesu\/\">Losuj legalnie w SoMe i sklepach internetowych<\/a><\/li>\n\n<li>Poradnik: <a href=\"https:\/\/panodloterii.pl\/index.php\/produkt\/loteria-fantowa-poradnik-i-dokumentacja-organizatora\/\">Odkryj fundraising nap\u0119dzany loteri\u0105<\/a><\/li>\n\n<li>Raport: <a href=\"https:\/\/panodloterii.pl\/index.php\/produkt\/raport-prawidlowe-i-nieprawidlowe-losowania-nagrod\/\">Prawid\u0142owe i nieprawid\u0142owe metody losowania nagr\u00f3d.<\/a><\/li>\n\n<li>Raport: <a href=\"https:\/\/panodloterii.pl\/index.php\/produkt\/loterie-pit\/\">Loterie podatkowe &#8222;Rozlicz PIT&#8221;. Skutki. Perspektywy. Zasady organizacji.<\/a><\/li>\n\n<li>Raport:<a href=\"https:\/\/www.linkedin.com\/posts\/anjalaszuk_social-media-trendbook-2025-activity-7315614522176684032-3mYL?utm_source=share&amp;utm_medium=member_desktop&amp;rcm=ACoAAACiV8gB1X-lp-ILL0-VI18GgzV7npUbDEA\"> Social Media TrendBook 2025<\/a><\/li><\/ul><h5 class=\"wp-block-heading has-large-font-size\">Konferencje i wyk\u0142ady<\/h5><p>Z pasj\u0105 opowiadam o loteriach. Losuj\u0119, przedstawiam przyk\u0142ady, rezultaty, zagro\u017cenia i korzy\u015bci. Uczestnicz\u0119&nbsp;w konferencjach oraz prelekcjach zamkni\u0119tych. Skontaktuj si\u0119 ze mn\u0105, aby porozmawia\u0107 o udziale w Twoim wydarzeniu. <\/p><div class=\"wp-block-uagb-image uagb-block-2929bf96 wp-block-uagb-image--layout-default wp-block-uagb-image--effect-static wp-block-uagb-image--align-none\"><figure class=\"wp-block-uagb-image__figure\"><img decoding=\"async\" srcset=\"https:\/\/panodloterii.pl\/wp-content\/uploads\/2025\/05\/panodloterii.jpeg ,https:\/\/panodloterii.pl\/wp-content\/uploads\/2025\/05\/panodloterii.jpeg 780w, https:\/\/panodloterii.pl\/wp-content\/uploads\/2025\/05\/panodloterii.jpeg 360w\" sizes=\"(max-width: 480px) 150px\" src=\"https:\/\/panodloterii.pl\/wp-content\/uploads\/2025\/05\/panodloterii.jpeg\" alt=\"\" class=\"uag-image-648\" width=\"1024\" height=\"124\" title=\"panodloterii\" loading=\"lazy\" role=\"img\"\/><\/figure><\/div><ul><li>Loterie, Loot-boxy i eZdrapki w aplikacjach i eCommerce &#8211; MobileTrends.pl \u2022 Krak\u00f3w 2025<\/li>\n\n<li>Loterie Dobroczynne. Losowanie nagr\u00f3d w fundraisingu &#8211; Mi\u0119dzynarodowa Konferencja Fundraisingu \u2022&nbsp;Warszawa 2023<\/li>\n\n<li>Playing it Safe: How to Turn Potential Risks into Rewards \u2022 UK, Kenilworth 2025<\/li><\/ul><h5 class=\"wp-block-heading has-large-font-size\">Moje loterie<\/h5><p>Od 1999 roku powsta\u0142o ponad 2000 loterii w zarz\u0105dzanych przeze mnie projektach dla:<\/p><figure class=\"wp-block-image size-large\"><img loading=\"lazy\" decoding=\"async\" width=\"1024\" height=\"561\" src=\"https:\/\/panodloterii.pl\/wp-content\/uploads\/2025\/05\/Modern-Vibrant-Tips-Youtube-Thumbnail-1024x561.png\" alt=\"\" class=\"wp-image-653\" srcset=\"https:\/\/panodloterii.pl\/wp-content\/uploads\/2025\/05\/Modern-Vibrant-Tips-Youtube-Thumbnail-1024x561.png 1024w, https:\/\/panodloterii.pl\/wp-content\/uploads\/2025\/05\/Modern-Vibrant-Tips-Youtube-Thumbnail-300x164.png 300w, https:\/\/panodloterii.pl\/wp-content\/uploads\/2025\/05\/Modern-Vibrant-Tips-Youtube-Thumbnail-768x421.png 768w, https:\/\/panodloterii.pl\/wp-content\/uploads\/2025\/05\/Modern-Vibrant-Tips-Youtube-Thumbnail-600x329.png 600w, https:\/\/panodloterii.pl\/wp-content\/uploads\/2025\/05\/Modern-Vibrant-Tips-Youtube-Thumbnail.png 1150w\" sizes=\"(max-width: 1024px) 100vw, 1024px\" \/><\/figure><h5 class=\"wp-block-heading has-text-align-left has-large-font-size\">Szkolenia i webinary<\/h5><ul><li>Nadz\u00f3r nad loteri\u0105. Szkolenie dla os\u00f3b nadzoruj\u0105cych loterie promocyjne, fantowe i audioteksowe.<\/li>\n\n<li>Loteria jest dochodowa. 5 x Case Study od 20.000 do 3 mln z\u0142 w miesi\u0105c. Webinar dla fundraiser\u00f3w.<\/li>\n\n<li>Loteria w SoMe i eCommerce: Odkryj 3 sposoby na legalne losowanie na FB, IG, TT i YT.<\/li><\/ul><div class=\"wp-block-group is-vertical is-layout-flex wp-container-core-group-is-layout-5 wp-block-group-is-layout-flex\"><div class=\"wp-block-group is-vertical is-layout-flex wp-container-core-group-is-layout-4 wp-block-group-is-layout-flex\"><hr class=\"wp-block-separator has-alpha-channel-opacity\" style=\"margin-top:var(--wp--preset--spacing--20);margin-bottom:var(--wp--preset--spacing--20)\"\/>\n\n<h3 class=\"wp-block-heading\">Nadz\u00f3r nad loteri\u0105<\/h3>\n\n<h5 class=\"wp-block-heading\">Szkolenie dla os\u00f3b nadzoruj\u0105cych loterie promocyjne, fantowe i audioteksowe<\/h5>\n\n<p>Kompleksowe szkolenie ON-LINE po\u015bwi\u0119cone nadzorowi i organizacji loterii. Nasze szkolenie zosta\u0142o stworzone z my\u015bl\u0105 o osobach, kt\u00f3re planuj\u0105 organizowa\u0107 loterie promocyjne, fantowe lub audioteksowe, a tak\u017ce dla os\u00f3b zainteresowanych nadzorem nad tego typu wydarzeniami. Podczas szkolenia uczestnicy zdob\u0119d\u0105 niezb\u0119dn\u0105 wiedz\u0119 dotycz\u0105c\u0105 prawnego i praktycznego aspektu organizacji oraz nadzoru nad loteriami.<\/p>\n\n<p><strong>Bonus dla uczestnik\u00f3w: <\/strong>Za\u015bwiadczenie o odbytym szkoleniu (kiedy\u015b \u015awiadectwo Zawodowe) uprawniaj\u0105ce do nadzoru nad przebiegiem gry losowej.<\/p>\n\n<p><strong>Rezerwacja miejsca: <\/strong>Rezerwacja miejsca jest bezp\u0142atna. W zwrotnej wiadomo\u015bci email otrzymasz szczeg\u00f3\u0142owe informacje o programie, warunkach udzia\u0142u w szkoleniu.<\/p>\n\n<p><strong>Terminy szkoleniowych<\/strong>: szkolenie trwa 8 godzin i roz\u0142o\u017cone jest na dwa dni.  <\/p>\n\n<ul><li>termin szkolenia zamkni\u0119tego zostanie dopasowany do potrzeb uczestnik\u00f3w <\/li>\n\n<li>szkolenia otwarte odbywaj\u0105 si\u0119 cyklicznie w lutym, maju, wrze\u015bniu oraz listopadzie &#8211; sprawd\u017a najbli\u017cszy termin: <\/li><\/ul>\n\n<div class=\"wp-block-buttons is-layout-flex wp-block-buttons-is-layout-flex\"><div class=\"wp-block-button\"><a class=\"wp-block-button__link wp-element-button\" href=\"https:\/\/loteria.org.pl\/szkolenie-organizacja-i-nadzor-loterii\/\">Poznaj szczeg\u00f3\u0142y i wybierz termin szkolenia <\/a><\/div><\/div><\/div><\/div><div class=\"wp-block-group is-vertical is-layout-flex wp-container-core-group-is-layout-6 wp-block-group-is-layout-flex\"><hr class=\"wp-block-separator has-alpha-channel-opacity\" style=\"margin-top:var(--wp--preset--spacing--30);margin-bottom:var(--wp--preset--spacing--30)\"\/>\n\n<h5 class=\"wp-block-heading\"><strong>Webinar \u2022 Fundraising \u2022 NGO <\/strong><\/h5>\n\n<h3 class=\"wp-block-heading\">Loteria jest dochodowa<\/h3>\n\n<h5 class=\"wp-block-heading\">5x Case Study. Od 20000 z\u0142 do 3 milion\u00f3w w miesi\u0105c.<\/h5>\n\n<p>Ten webinar zmieni Twoje podej\u015bcie do loterii i fundraisingu. Przedstawi\u0119 a\u017c <strong>pi\u0119\u0107 przypadk\u00f3w<\/strong>. Cztery z nich zarobi\u0142y w miesi\u0105c od 18000 do 3 mln z\u0142otych. Jeden by\u0142 totaln\u0105 kap\u0105 finansow\u0105. Cztery z Polski i jeden z UK. Na spotkaniu b\u0119dziemy omawia\u0107 przyczyny pora\u017cki i sukcesu tych akcji.<\/p>\n\n<p><strong>Bonus dla uczestnik\u00f3w: <\/strong>b\u0119dziemy si\u0119 pos\u0142ugiwa\u0107 kalkulatorem op\u0142acalno\u015bci loterii, kt\u00f3ry otrzymasz razem z checklist\u0105 dokumentacji organizatora.<\/p>\n\n<div class=\"wp-block-buttons is-layout-flex wp-block-buttons-is-layout-flex\"><div class=\"wp-block-button\"><a class=\"wp-block-button__link wp-element-button\" href=\"https:\/\/loteria.org.pl\/loteria_webinar\/\" target=\"_blank\" rel=\"noreferrer noopener\"><strong>Zapisz si\u0119&nbsp;na webinar<\/strong><\/a><\/div><\/div>\n\n<p>Patronat nad wydarzeniem sprawuj\u0105: Polish Fundraising Association \u2022&nbsp;Gnyszka Fundraising Advisors \u2022&nbsp;Zrzutka.pl<\/p><\/div><figure class=\"wp-block-image size-large\"><img loading=\"lazy\" decoding=\"async\" width=\"1024\" height=\"683\" src=\"http:\/\/panodloterii.pl\/wp-content\/uploads\/2024\/07\/Kopia-Modern-Vibrant-Tips-Youtube-Thumbnail-1200-x-800-px-7-1024x683.png\" alt=\"\" class=\"wp-image-106\" srcset=\"https:\/\/panodloterii.pl\/wp-content\/uploads\/2024\/07\/Kopia-Modern-Vibrant-Tips-Youtube-Thumbnail-1200-x-800-px-7-1024x683.png 1024w, https:\/\/panodloterii.pl\/wp-content\/uploads\/2024\/07\/Kopia-Modern-Vibrant-Tips-Youtube-Thumbnail-1200-x-800-px-7-300x200.png 300w, https:\/\/panodloterii.pl\/wp-content\/uploads\/2024\/07\/Kopia-Modern-Vibrant-Tips-Youtube-Thumbnail-1200-x-800-px-7-768x512.png 768w, https:\/\/panodloterii.pl\/wp-content\/uploads\/2024\/07\/Kopia-Modern-Vibrant-Tips-Youtube-Thumbnail-1200-x-800-px-7-600x400.png 600w, https:\/\/panodloterii.pl\/wp-content\/uploads\/2024\/07\/Kopia-Modern-Vibrant-Tips-Youtube-Thumbnail-1200-x-800-px-7.png 1200w\" sizes=\"(max-width: 1024px) 100vw, 1024px\" \/><\/figure><div class=\"wp-block-group has-global-padding is-layout-constrained wp-block-group-is-layout-constrained\"><div class=\"wp-block-group is-vertical is-layout-flex wp-container-core-group-is-layout-7 wp-block-group-is-layout-flex\"><hr class=\"wp-block-separator has-alpha-channel-opacity\"\/>\n\n<h5 class=\"wp-block-heading\"><strong>Webinar \u2022 Social Media \u2022 Loteria <\/strong><\/h5>\n\n<h3 class=\"wp-block-heading\">Odkryj 3 sposoby na legalne losowanie na FB, IG, TT i YT. <\/h3>\n\n<h5 class=\"wp-block-heading\">Case Study: 22.000 z\u0142 kary za &#8222;przypadkow\u0105&#8221; loteri\u0119 na profilu influencera!<\/h5>\n\n<p>Czy wiesz, \u017ce losowanie nagr\u00f3d na Facebooku i Instagramie mo\u017ce Ci\u0119 narazi\u0107 na kar\u0119 prawie 22 000 z\u0142 i uci\u0105\u017cliwe post\u0119powanie karne? A Tw\u00f3j profil mo\u017ce zosta\u0107 zablokowany?<\/p>\n\n<p>Nie ryzykuj! We\u017a udzia\u0142 w jedynym takim szkoleniu online i odkryj 3 <strong>proste, bezpieczne i legalne sposoby losowania nagr\u00f3d <\/strong>w social media \u2013 od drobnych upomink\u00f3w po luksusowe samochody, tak jak robi\u0105 to najwi\u0119ksi influencerzy.<\/p>\n\n<p><strong>Bonus: <\/strong>checklista dokument\u00f3w loterii w mediach spo\u0142eczno\u015bciowych.<\/p>\n\n<div class=\"wp-block-buttons is-layout-flex wp-block-buttons-is-layout-flex\"><div class=\"wp-block-button\"><a class=\"wp-block-button__link wp-element-button\" href=\"https:\/\/panodloterii.pl\/index.php\/webinar_some\/\"><strong>Zapisz si\u0119&nbsp;na webinar<\/strong><\/a><\/div><\/div>\n\n<p>Patronat nad wydarzeniem sprawuj\u0105: Polish Fundraising Association \u2022&nbsp;Gnyszka Fundraising Advisors \u2022&nbsp;Zrzutka.pl<\/p><\/div>\n\n<figure class=\"wp-block-image size-full\"><img loading=\"lazy\" decoding=\"async\" width=\"894\" height=\"646\" src=\"https:\/\/panodloterii.pl\/wp-content\/uploads\/2024\/07\/loteria-organizacja-agencja-650\u00d7470-px-2.png\" alt=\"\" class=\"wp-image-133\" srcset=\"https:\/\/panodloterii.pl\/wp-content\/uploads\/2024\/07\/loteria-organizacja-agencja-650\u00d7470-px-2.png 894w, https:\/\/panodloterii.pl\/wp-content\/uploads\/2024\/07\/loteria-organizacja-agencja-650\u00d7470-px-2-300x217.png 300w, https:\/\/panodloterii.pl\/wp-content\/uploads\/2024\/07\/loteria-organizacja-agencja-650\u00d7470-px-2-768x555.png 768w, https:\/\/panodloterii.pl\/wp-content\/uploads\/2024\/07\/loteria-organizacja-agencja-650\u00d7470-px-2-600x434.png 600w\" sizes=\"(max-width: 894px) 100vw, 894px\" \/><\/figure><\/div><p><\/p><h4 class=\"wp-block-heading\">Bio<\/h4><p>Ekonomista, tw\u00f3rca i redaktor loteria.org.pl. Prezes Instytutu Loterii Dobroczynnych, przedsi\u0119biorca, tw\u00f3rca internetowy. Cz\u0142onek Polskiego Stowarzyszenia Fundraisingu. M\u0105\u017c. Tata trzech c\u00f3rek.&nbsp;<\/p><p>Od 1999 nieprzerwanie pomagam licznym bran\u017com w organizacji loterii promocyjnych, audioteksowych oraz fantowych. Moje zawodowe kamienie milowe:<\/p><ul><li>1999: Levi Strauss &amp; Co &#8211; moja pierwsza loteria&nbsp;<\/li>\n\n<li>1999: zdaj\u0119 egzamin w Ministerstwie Finans\u00f3w i uzyskuj\u0119 pierwsze \u015bwiadectwo zawodowe do nadzoru nad loteriami<\/li>\n\n<li>2004: Playprint Ltd &#8211;&nbsp; organizuj\u0119 irlandzkie loterie w Polsce<\/li>\n\n<li>2014: <a href=\"http:\/\/loteria.org.pl\" data-type=\"link\" data-id=\"loteria.org.pl\">Fundacja Instytut Loterii Dobroczynnych<\/a> &#8211; wspieram opp \/ ngo<\/li>\n\n<li>2015: Publikuj\u0119 pierwszy poradnik o loteriach w Polsce: &#8222;Loteria? Na szcz\u0119\u015bcie!&#8221;<\/li>\n\n<li>2024: Rozwijamy innowacyjne technologie w loteriach &#8211; pierwsze API serwera losuj\u0105cego dla eCommerce i aplikacji<\/li><\/ul><p>Teraz czas na loteri\u0119&nbsp;dla Ciebie. Opowiedz mi o niej!&nbsp;<\/p><h4 class=\"wp-block-heading\">Kontakt<\/h4><p>Porozmawiajmy o Twojej loterii. Napisz na office@loteria.org.pl lub um\u00f3w bezp\u0142atn\u0105 konsultacj\u0119: <a href=\"http:\/\/calendar.app.google\/UA3uP5BaKi6MtHVV9\">rezerwuj_termin.<\/a><\/p><h6 class=\"wp-block-heading has-text-align-center\"><a href=\"https:\/\/www.facebook.com\/panodloterii\/\">FB<\/a> \u2022&nbsp;<a href=\"https:\/\/www.linkedin.com\/in\/wkoczorowski\/\">in<\/a> \u2022&nbsp;<a href=\"https:\/\/www.instagram.com\/panodloterii.pl\/\">IG<\/a> \u2022 <a href=\"https:\/\/www.youtube.com\/@panodloterii\">YT<\/a><\/h6>","protected":false},"excerpt":{"rendered":"<p>Pan od loterii &#8230; z misj\u0105. Masz mnie na szcz\u0119\u015bcie Od 1999 roku dla FIRM i ngo\u2019s tworz\u0119 loterie, kt\u00f3re dostarczaj\u0105: Dla firm &#8211; skuteczne narz\u0119dzie marketingowe. Dla NGO &#8211; innowacyjny spos\u00f3b na fundraising. Pan od loterii z misj\u0105 &#8211; \u0142\u0105cz\u0119 biznes i dzia\u0142alno\u015b\u0107 charytatywn\u0105, tworz\u0105c loterie, kt\u00f3re przynosz\u0105 korzy\u015bci wszystkim. Odkryj wypracowane przez m\u00f3j [&hellip;]<\/p>\n","protected":false},"author":1,"featured_media":0,"parent":0,"menu_order":0,"comment_status":"closed","ping_status":"closed","template":"","meta":{"_uag_custom_page_level_css":"","footnotes":""},"uagb_featured_image_src":{"full":false,"thumbnail":false,"medium":false,"medium_large":false,"large":false,"1536x1536":false,"2048x2048":false,"woocommerce_thumbnail":false,"woocommerce_single":false,"woocommerce_gallery_thumbnail":false},"uagb_author_info":{"display_name":"admin","author_link":"https:\/\/panodloterii.pl\/index.php\/author\/admin\/"},"uagb_comment_info":0,"uagb_excerpt":"Pan od loterii &#8230; z misj\u0105. Masz mnie na szcz\u0119\u015bcie Od 1999 roku dla FIRM i ngo\u2019s tworz\u0119 loterie, kt\u00f3re dostarczaj\u0105: Dla firm &#8211; skuteczne narz\u0119dzie marketingowe. Dla NGO &#8211; innowacyjny spos\u00f3b na fundraising. Pan od loterii z misj\u0105 &#8211; \u0142\u0105cz\u0119 biznes i dzia\u0142alno\u015b\u0107 charytatywn\u0105, tworz\u0105c loterie, kt\u00f3re przynosz\u0105 korzy\u015bci wszystkim. Odkryj wypracowane przez m\u00f3j&hellip;","_links":{"self":[{"href":"https:\/\/panodloterii.pl\/index.php\/wp-json\/wp\/v2\/pages\/40"}],"collection":[{"href":"https:\/\/panodloterii.pl\/index.php\/wp-json\/wp\/v2\/pages"}],"about":[{"href":"https:\/\/panodloterii.pl\/index.php\/wp-json\/wp\/v2\/types\/page"}],"author":[{"embeddable":true,"href":"https:\/\/panodloterii.pl\/index.php\/wp-json\/wp\/v2\/users\/1"}],"replies":[{"embeddable":true,"href":"https:\/\/panodloterii.pl\/index.php\/wp-json\/wp\/v2\/comments?post=40"}],"version-history":[{"count":76,"href":"https:\/\/panodloterii.pl\/index.php\/wp-json\/wp\/v2\/pages\/40\/revisions"}],"predecessor-version":[{"id":660,"href":"https:\/\/panodloterii.pl\/index.php\/wp-json\/wp\/v2\/pages\/40\/revisions\/660"}],"wp:attachment":[{"href":"https:\/\/panodloterii.pl\/index.php\/wp-json\/wp\/v2\/media?parent=40"}],"curies":[{"name":"wp","href":"https:\/\/api.w.org\/{rel}","templated":true}]}}